{"id":169,"date":"2023-06-14T12:58:39","date_gmt":"2023-06-14T12:58:39","guid":{"rendered":"https:\/\/validthemes.net\/themeforest\/wp\/consua\/?page_id=169"},"modified":"2025-03-04T00:56:26","modified_gmt":"2025-03-04T00:56:26","slug":"contact","status":"publish","type":"page","link":"https:\/\/erboryalitim.com\/index.php\/contact\/","title":{"rendered":"\u0130leti\u015fim"},"content":{"rendered":"\t\t<div data-elementor-type=\"wp-page\" data-elementor-id=\"169\" class=\"elementor elementor-169\">\n\t\t\t\t\t\t<section class=\"elementor-section elementor-top-section elementor-element elementor-element-b1ff7b2 elementor-section-full_width elementor-section-height-default elementor-section-height-default\" data-id=\"b1ff7b2\" data-element_type=\"section\">\n\t\t\t\t\t\t<div class=\"elementor-container elementor-column-gap-no\">\n\t\t\t\t\t<div class=\"elementor-column elementor-col-100 elementor-top-column elementor-element elementor-element-2a578e9\" data-id=\"2a578e9\" data-element_type=\"column\">\n\t\t\t<div class=\"elementor-widget-wrap elementor-element-populated\">\n\t\t\t\t\t\t<div class=\"elementor-element elementor-element-f1d1e87 elementor-widget elementor-widget-consua_contact_form\" data-id=\"f1d1e87\" data-element_type=\"widget\" data-widget_type=\"consua_contact_form.default\">\n\t\t\t\t<div class=\"elementor-widget-container\">\n\t\t\t\t\t    <!-- Start Contact Us \r\n    ============================================= -->\r\n    <div class=\"contact-style-one-area overflow-hidden default-padding\">\r\n\r\n\t\t\t        <div class=\"contact-shape\">\r\n\t            <img decoding=\"async\" src=\"https:\/\/validthemes.net\/themeforest\/wp\/consua\/wp-content\/uploads\/2023\/08\/37.png\" alt=\"Erbor Yal\u0131t\u0131m\">\r\n\t        <\/div>\r\n\t           \r\n        <div class=\"container\">\r\n            <div class=\"row align-center\">\r\n\r\n                <div class=\"contact-stye-one col-lg-5 mb-md-50 mb-xs-20\">\r\n\r\n                    <div class=\"contact-style-one-info\">\r\n                    \t                        \t<h2>Bize Ula\u015f\u0131n<\/h2>\r\n                    \t                    \t\t                        <p>\r\n\t                         Erbor Yal\u0131t\u0131m olarak, yal\u0131t\u0131m \u00e7\u00f6z\u00fcmlerimiz hakk\u0131nda detayl\u0131 bilgi almak ve projeleriniz i\u00e7in en iyi \u00e7\u00f6z\u00fcmleri sunmam\u0131z ad\u0131na bizimle ileti\u015fime ge\u00e7ebilirsiniz. Size yard\u0131mc\u0131 olmaktan memnuniyet duyar\u0131z!\t                        <\/p>\r\n                                                <ul>\r\n\t\t\t\t\t\t\t\t                            <li class=\"wow fadeInUp\">\r\n\t                                <div class=\"icon\">\r\n\t                                   \t\t\t\t\t\t                    \t\t\t\t\t                    \t\t\t\t\t                        <i class=\"fas fa-phone-alt\"><\/i>\r\n\t\t\t\t\t                    \t                                <\/div>\r\n\t                                <div class=\"content\">\r\n\t                                \t<h5 class=\"title\">Telefon<\/h5>\r\n\t                                  \t<a href=\"tel:+905323565268\">0532 356 5268<\/a>\n<br>\n<a href=\"tel:+905424391254\">0542 439 1254<\/a>\t                                <\/div>\r\n\t                            <\/li>\r\n                           \t                            <li class=\"wow fadeInUp\">\r\n\t                                <div class=\"icon\">\r\n\t                                   \t\t\t\t\t\t                    \t\t\t\t\t                    \t\t\t\t\t                        <i class=\"fas fa-map-marker-alt\"><\/i>\r\n\t\t\t\t\t                    \t                                <\/div>\r\n\t                                <div class=\"content\">\r\n\t                                \t<h5 class=\"title\">Konum<\/h5>\r\n\t                                  \tSemaver Kav\u015fa\u011f\u0131, Ezar Plaza, Kat: 4, No: 6, \n\u0130pekyolu, Van\n<br><br>\n\u015eube: Adres: Vali Kutlu Akta\u015f Sanayi Sitesi, 19. Blok, No: 36, A\u011fr\u0131 \/ Merkez\n \t                                <\/div>\r\n\t                            <\/li>\r\n                           \t                            <li class=\"wow fadeInUp\">\r\n\t                                <div class=\"icon\">\r\n\t                                   \t\t\t\t\t\t                    \t\t\t\t\t                    \t\t\t\t\t                        <i class=\"fas fa-phone-alt\"><\/i>\r\n\t\t\t\t\t                    \t                                <\/div>\r\n\t                                <div class=\"content\">\r\n\t                                \t<h5 class=\"title\">Email<\/h5>\r\n\t                                  \t<a href=\"mailto:erboryalitim@gmail.com\">erboryalitim@gmail.com<\/a>\t                                <\/div>\r\n\t                            <\/li>\r\n                                                   <\/ul>\r\n                    <\/div>\r\n                <\/div>\r\n                \r\n                <div class=\"contact-stye-one col-lg-7 pl-60 pl-md-15 pl-xs-15\">\r\n                    <div class=\"contact-form-style-one\">\r\n                    \t\t                        <h5 class=\"sub-title\">Bir Sorunuz mu var ?<\/h5>\r\n\t                    \t                                            \t<h2 class=\"heading\">Bize ula\u015f\u0131n !<\/h2>\r\n                                                                    <\/div>\r\n                <\/div>\r\n            <\/div>\r\n        <\/div>\r\n    <\/div>\r\n    <!-- End Contact -->\r\n\r\n\t\t\t\t\t<\/div>\n\t\t\t\t<\/div>\n\t\t\t\t\t<\/div>\n\t\t<\/div>\n\t\t\t\t\t<\/div>\n\t\t<\/section>\n\t\t\t\t<section class=\"elementor-section elementor-top-section elementor-element elementor-element-c0ac542 elementor-section-full_width elementor-section-height-default elementor-section-height-default\" data-id=\"c0ac542\" data-element_type=\"section\">\n\t\t\t\t\t\t<div class=\"elementor-container elementor-column-gap-no\">\n\t\t\t\t\t<div class=\"elementor-column elementor-col-100 elementor-top-column elementor-element elementor-element-444a0bb\" data-id=\"444a0bb\" data-element_type=\"column\">\n\t\t\t<div class=\"elementor-widget-wrap elementor-element-populated\">\n\t\t\t\t\t\t<div class=\"elementor-element elementor-element-21618de elementor-widget elementor-widget-google_maps\" data-id=\"21618de\" data-element_type=\"widget\" data-widget_type=\"google_maps.default\">\n\t\t\t\t<div class=\"elementor-widget-container\">\n\t\t\t\t\t\t\t<div class=\"elementor-custom-embed\">\n\t\t\t<iframe loading=\"lazy\"\n\t\t\t\t\tsrc=\"https:\/\/maps.google.com\/maps?q=Semaver%20Kav%C5%9Fa%C4%9F%C4%B1%2C%20Ezar%20Plaza%2C%20Kat%3A%204%2C%20No%3A%206%2C%20%C4%B0pekyolu%2C%20Van&#038;t=m&#038;z=14&#038;output=embed&#038;iwloc=near\"\n\t\t\t\t\ttitle=\"Semaver Kav\u015fa\u011f\u0131, Ezar Plaza, Kat: 4, No: 6, \u0130pekyolu, Van\"\n\t\t\t\t\taria-label=\"Semaver Kav\u015fa\u011f\u0131, Ezar Plaza, Kat: 4, No: 6, \u0130pekyolu, Van\"\n\t\t\t><\/iframe>\n\t\t<\/div>\n\t\t\t\t\t\t<\/div>\n\t\t\t\t<\/div>\n\t\t\t\t\t<\/div>\n\t\t<\/div>\n\t\t\t\t\t<\/div>\n\t\t<\/section>\n\t\t\t\t<\/div>\n\t\t","protected":false},"excerpt":{"rendered":"<p>Bize Ula\u015f\u0131n Erbor Yal\u0131t\u0131m olarak, yal\u0131t\u0131m \u00e7\u00f6z\u00fcmlerimiz hakk\u0131nda detayl\u0131 bilgi almak ve projeleriniz i\u00e7in en iyi \u00e7\u00f6z\u00fcmleri sunmam\u0131z ad\u0131na bizimle ileti\u015fime ge\u00e7ebilirsiniz. Size yard\u0131mc\u0131 olmaktan memnuniyet duyar\u0131z! Telefon 0532 356 5268 0542 439 1254 Konum Semaver Kav\u015fa\u011f\u0131, Ezar Plaza, Kat: 4, No: 6, \u0130pekyolu, Van \u015eube: Adres: Vali Kutlu Akta\u015f Sanayi Sitesi, 19. Blok, No:&#8230;<\/p>\n","protected":false},"author":1,"featured_media":0,"parent":0,"menu_order":0,"comment_status":"closed","ping_status":"closed","template":"elementor_header_footer","meta":{"footnotes":""},"class_list":["post-169","page","type-page","status-publish","hentry"],"_links":{"self":[{"href":"https:\/\/erboryalitim.com\/index.php\/wp-json\/wp\/v2\/pages\/169","targetHints":{"allow":["GET"]}}],"collection":[{"href":"https:\/\/erboryalitim.com\/index.php\/wp-json\/wp\/v2\/pages"}],"about":[{"href":"https:\/\/erboryalitim.com\/index.php\/wp-json\/wp\/v2\/types\/page"}],"author":[{"embeddable":true,"href":"https:\/\/erboryalitim.com\/index.php\/wp-json\/wp\/v2\/users\/1"}],"replies":[{"embeddable":true,"href":"https:\/\/erboryalitim.com\/index.php\/wp-json\/wp\/v2\/comments?post=169"}],"version-history":[{"count":17,"href":"https:\/\/erboryalitim.com\/index.php\/wp-json\/wp\/v2\/pages\/169\/revisions"}],"predecessor-version":[{"id":2886,"href":"https:\/\/erboryalitim.com\/index.php\/wp-json\/wp\/v2\/pages\/169\/revisions\/2886"}],"wp:attachment":[{"href":"https:\/\/erboryalitim.com\/index.php\/wp-json\/wp\/v2\/media?parent=169"}],"curies":[{"name":"wp","href":"https:\/\/api.w.org\/{rel}","templated":true}]}}